Let v be (-2 - -2)*(-1)/2. Let r be (-3)/(v + -3) - 5. Determine u(r).
-2
Suppose 9 = 4*g - 7. Let w(m) = m. Let x be w(g). Let r(b) = -b**3 + 5*b**2 - 4*b + 2. Give r(x).
2
Let y(i) = -13*i + 89. Let s be y(7). Let g(j) = -j**2 + j - 1. Determine g(s).
-7
Let i(c) be the second derivative of 5*c**4/12 + c**3/6 - 13*c. Give i(1).
6
Let g(d) = d**2 + 5*d - 3. Suppose 3*t = 4*z - 2*t - 5, 3*t + 30 = -3*z. Determine g(z).
-3
Let y(x) be the second derivative of -x**7/420 - x**6/360 + x**5/60 - x**4/24 - x**3/6 + 3*x. Let j(k) be the second derivative of y(k). Determine j(-2).
7
Let d(w) = w**3 - w - 5. Let a = 25 - 25. Calculate d(a).
-5
Let c(x) = -2*x**2 + 5*x - 1. Let g be c(3). Let d(q) = -q**3 - 5*q**2 - 6*q - 6. Calculate d(g).
2
Suppose -3*o + 21 - 3 = 0. Let f(i) = -i**2 + 6*i. What is f(o)?
0
Let t(b) = 6*b**2 - 1. Let h be t(-1). Suppose 2*c = h + 1. Let a(j) = -1 + 4*j - c*j - 2*j. What is a(-2)?
1
Let w = 7 - 5. Suppose -3*c = w*c - 15. Suppose k - 4*p = -5, 3*k + 11 = 5*p + c. Let n(z) = 11*z + 1. Calculate n(k).
-10
Let t(y) = -y**3 + 2*y**2 + 3*y. Suppose -k + 6 = k. Give t(k).
0
Let a(l) = 10*l**2 - 25*l + 13. Let d(y) = 3*y**2 - 8*y + 4. Let s(t) = 2*a(t) - 7*d(t). Let k be -1 - 0 - (-2 + 3). Let n = k + 5. Calculate s(n).
7
Let m(o) be the second derivative of -o**3/6 - 11*o**2 + 12*o - 1. What is m(0)?
-22
Let b = 5 + -12. Let q(x) = -3 + 15*x**2 - 7*x + 0*x - 16*x**2. Give q(b).
-3
Let d(g) = g - 4. Let n be d(4). Let i(k) = n - 3*k - 3 + 0. Determine i(-2).
3
Let d(q) be the second derivative of -q**3/6 + q**2/2 + 3*q. Give d(0).
1
Suppose 6*i - 4 = 4*i. Let f(l) = 2*l - 6*l**3 - 3 + 4*l**2 + 7*l**3 - 5*l**2. Give f(i).
5
Suppose 4 + 16 = 5*o + 4*u, -5*o + 2*u = 10. Let z(w) = 7*w**2 + 5*w - 3. Let j(l) = -4*l**2 - 3*l + 1. Let b(g) = -5*j(g) - 3*z(g). What is b(o)?
4
Let n = 15 - 10. Suppose 0 = 4*k - 6 - 2. Let l(j) = 5*j**k - 2*j + 3*j - 4*j**3 + 0*j**2 + 3*j**3. Give l(n).
5
Let n(a) be the second derivative of 2*a + 1/2*a**3 - 1/60*a**5 + 0 + 0*a**2 + 0*a**4. Let w(p) be the second derivative of n(p). Determine w(-3).
6
Let y(w) = 2*w**2 - 5*w + 8. Let c(z) = -z**2 + 2*z - 4. Let t(s) = 5*c(s) + 2*y(s). Calculate t(3).
-13
Let p(x) = x**2 + 5*x - 2. Suppose 10 = 3*j + 25. Let b be p(j). Let t(i) = -3*i + 2. Determine t(b).
8
Let a = 12 + -12. Let z(t) = -t**3 - t - 1. Determine z(a).
-1
Suppose -140 = -4*t - 0*p + 4*p, -5*t + p = -163. Let r(y) = 17*y**2 - t*y**2 + 16*y**2 + 5*y - 5 + 0*y. Calculate r(-5).
-5
Let w(s) = -s - 22 + 6 + 12. Suppose 3*q = 2*q. Determine w(q).
-4
Let m(u) = -2*u + 3. Let q(v) = v**3 + 8*v**2 - 9*v + 4. Let x be -12 + 1 + 0 - -2. Let l be q(x). Suppose l*d = 2*w - 12, -14 = -w - w + 5*d. Determine m(w).
-1
Let x(q) = -q. Let d be x(12). Let n(f) = -f**2 - 12*f + 5. Calculate n(d).
5
Suppose 128 = -44*b + 12*b. Let o(j) be the second derivative of -j**5/20 - 5*j**4/12 - j**3 - 5*j**2/2 + j. Give o(b).
3
Let x(v) = -v**2 - 5*v + 4. Suppose -3*q - 26 = 2*q - 2*t, -4*q = 3*t + 30. What is x(q)?
-2
Let a(u) = 2*u - 5. Let x(w) = -w + 6. Let y(d) = 6*a(d) + 5*x(d). Let t be 30/(-40) - 14/(-8). Give y(t).
7
Let u(h) = h**3 - 5*h**2 - h. Suppose 2*m + 36 = -6. Let x be 2/(-7) - (-15)/m. Let t be (4 + 1)/(0 - x). Determine u(t).
-5
Let k(w) = w**3 + 5*w**2 - 2*w - 3. Let v(c) = -c**3 + c**2 - c - 1. Let m(q) = -k(q) + 2*v(q). Give m(-2).
13
Suppose -4*a + 3*a = 0. Let o be 4 + (-1 - a/3). Let c(h) = 3*h**2 - o*h + 4*h - 2*h**3 - h**2 + 0*h**3. Calculate c(-1).
3
Let f(g) = -2*g**3 + 3*g**2 - 3*g + 1. Suppose 3*m - 6 = -p + 11, p - m + 3 = 0. Calculate f(p).
-9
Let k(i) be the second derivative of -i**6/120 + i**5/12 - i**3/6 + 7*i**2/2 - i. Let v(o) be the first derivative of k(o). What is v(5)?
-1
Suppose 2*k + 3 = 2*z + 13, 0 = -5*k + 10. Let p(s) be the first derivative of -s**4/4 - 4*s**3/3 + s**2/2 + 2*s - 1. Calculate p(z).
-10
Let z(s) = -1 + 5*s**2 - s**2 - 2*s**2. Let f be z(1). Let q(l) = 3*l**3 + l - 1. Give q(f).
3
Let x(s) be the second derivative of s**5/20 - 2*s + 22. Give x(0).
0
Suppose 3*w - 2*a + 10 = -0*a, 8 = -w + 3*a. Let r(j) be the first derivative of -1/2*j**4 - 4 + j - 4/3*j**3 - j**2. Give r(w).
5
Let t(x) = -4 - 5 - 7*x + 0 + 4 - x**2. Determine t(-5).
5
Let i(w) be the third derivative of 0 + 1/120*w**6 - 7/6*w**3 + 0*w**4 - w**2 - 1/60*w**5 + 0*w. Let z = 1 - 1. Determine i(z).
-7
Let i(w) = 7*w**2 + 4*w - 7. Let f(a) = 6*a**2 + 3*a - 6. Let l(z) = 6*f(z) - 5*i(z). What is l(-1)?
2
Let w(v) be the first derivative of -5 - 32*v + v**2 + v**4 + 0*v**2 + 33*v + 0. Let z = -3 - -2. Give w(z).
-5
Let i(k) be the second derivative of -k**5/20 + k**4/2 - 2*k**3/3 + 7*k**2/2 + 4*k. Determine i(5).
12
Suppose d - 3*o = -6, 5*d - 12 + 2 = -5*o. Let r(u) = u**3 - u**2 + u - 13. Calculate r(d).
-13
Let j = -33 - -32. Let i(z) = -2*z**3 + 2*z**2 + 2*z + 1. Give i(j).
3
Suppose -30 + 5 = 5*i, 0 = 2*y - 2*i - 14. Let s(z) = -z**3 + 6*z**2 - 3*z + 1. Calculate s(y).
11
Let v(z) = z**3 + z**2 - 2*z - 3. Let x(r) = -2*r**3 + r**2 - 1. Let j be x(1). What is v(j)?
-3
Let h be (0/1 - 2) + (16 - 20). Let q(d) = d**3 + 6*d**2 - 2*d - 9. What is q(h)?
3
Let f(g) = 7*g - 2*g - g - 3*g. Let z be 3/(-2)*(-12)/9. Let b = z - 7. Give f(b).
-5
Let l(s) be the first derivative of 3 + 2*s - 1/2*s**2. Determine l(3).
-1
Let k(a) be the second derivative of 2*a**3/3 - a**2/2 - a. Let d = 6 + -5. Give k(d).
3
Let i(s) = -s**2 - s + 6. Suppose -2*f - f = 2*x, -2*f = 0. What is i(x)?
6
Let k be (-3)/((-14)/8 - -1). Let w(z) = 5 - 4*z**3 + k*z**2 + 3*z**3 + 0*z + 0*z. Give w(4).
5
Let i(j) = 3*j**2 + 5*j**3 - 12*j**3 - 3 + 8*j**3 - 2*j + 8. Calculate i(-4).
-3
Let h(c) be the second derivative of -3*c**5/20 - c**3/3 + c**2/2 - c. Let o be h(1). Let y(z) = -z**3 - 6*z**2 - 6*z - 4. Give y(o).
-12
Let s(u) = u + 2. Suppose -7 = -c - 5*r, 0 = 2*c - 5*r - 3 + 4. Suppose w + 3 = -c*w. Let q be ((-12)/(-2))/((-2)/w). Determine s(q).
5
Let d(a) = 6*a**2 - 8*a + 7. Let y(s) = s**2. Suppose 2*x + 3 = 5. Let k(p) = x*d(p) - 5*y(p). Let j(c) = c**3 - c**2 - 4*c. Let r be j(3). Calculate k(r).
-5
Let x(q) = 10*q**2 + 5*q - 2. Let k(l) = -9*l**2 - 4*l + 2. Let u(c) = -7*k(c) - 6*x(c). Determine u(-2).
14
Suppose -2*k + 8 = -q, -4*q + 5*k - 26 = -0*q. Let w(g) = g**2 + 2. Let n(t) = 4*t + 0 + 3*t**2 - 3*t + 4. Let m(d) = 2*n(d) - 5*w(d). What is m(q)?
6
Let r(k) = 4*k + 35. Let n be r(-7). Let v(j) = j**2 - 8*j + 9. Give v(n).
2
Let o be 0/1 - 1 - 2. Let a(f) = -2*f**2 + 2*f + 2. Let j(g) = -g**2 + g - 1. Let y(c) = -a(c) + j(c). Determine y(o).
9
Let g = 126 - 127. Let s(k) = -2*k**3 - 2*k**2 + 1. Give s(g).
1
Let s(f) = -f + 5. Let m = 41 - 41. Calculate s(m).
5
Let i = -11 + 45/4. Let j(f) be the first derivative of 4*f + i*f**4 + 4/3*f**3 - 2 - 2*f**2. What is j(-5)?
-1
Let b(s) = -2*s - 12. Let r be b(-8). Let v(c) = 0*c**2 - c**3 + 4*c + 0*c**2 - r*c**2 + 1. Give v(-5).
6
Let p = -5 + -19. Let h be ((-3)/(-4))/(6/p). Let v(z) be the first derivative of -z**4/4 - 5*z**3/3 - 2*z**2 + z + 1. Determine v(h).
-5
Let o(j) = 1 - 6 + 6*j - 4*j + 8. Let g(i) = 8*i - 1. Let f be g(1). Suppose -20 = f*n - 2*n. What is o(n)?
-5
Let w be 1/(-1) + 3*-1. Let f(v) be the second derivative of -v**4/12 - v**3 - v**2/2 - 2*v. What is f(w)?
7
Suppose -5*h - 2*x + 26 = -0*h, 0 = h - 5*x - 16. Let f(y) = 2*y**2 + 2 + 0 - h + y. Determine f(-3).
11
Let l(g) = 1. Let t(h) = 3*h - h + 0*h - 16. Let y(d) = -10*l(d) - t(d). Let a(k) = -k**2 - 8*k - 7. Let s be a(-6). Calculate y(s).
-4
Let a(c) be the second derivative of c**4/6 + c**3/3 - c**2/2 - 12*c. Calculate a(-2).
3
Let q(y) be the second derivative of -y**3/3 + 5*y**2 - 3*y. Give q(8).
-6
Let v(p) be the first derivative of -p**6/120 + p**5/12 - p**4/4 + p**3 - p**2 - 3. Let j(h) be the second derivative of v(h). Determine j(4).
-2
Let t(z) be the third derivative of 0*z - 1/120*z**6 + 1/15*z**5 - 4*z**2 - 1/6*z**3 + 0 + 1/6*z**4. Determine t(5).
-6
Let a(s) = 6*s**2 + 0*s**3 - 2 - 3*s**3 + 5*s + s + 2*s**3. Give a(7).
-9
Suppose -3*z - 6 = t + 2*t, -2*t - 4*z - 14 = 0. Let b(o) = -3*o + o + t*o. Give b(3).
3
Let u(h) be the first derivative of -h**2 + h**3 - 1/2*h**4 - 1 - 3*h + 1/20*h**5. Let i(p) be the first derivative of u(p). Determine i(5).
3
Let f(g) = -g**3 + 2*g**2 + g +